the prime factors of 198056?
2, 19, 1303
What are the prime factors of 17968889?
19, 945731
What are the prime factors of 11561?
11, 1051
List the prime factors of 18742.
2, 9371
What are the prime factors of 7693674?
2, 3, 1282279
List the prime factors of 4339633.
1033, 4201
List the prime factors of 232570.
2, 5, 13, 1789
List the prime factors of 838450.
2, 5, 41, 409
What are the prime factors of 139310?
2, 5, 13931
What are the prime factors of 3104306?
2, 647, 2399
List the prime factors of 347087.
13, 26699
List the prime factors of 2133036.
2, 3, 193, 307
What are the prime factors of 2952978?
2, 3, 7, 70309
What are the prime factors of 4884489?
3, 180907
What are the prime factors of 171119?
13, 13163
List the prime factors of 18727544.
2, 11, 59, 3607
What are the prime factors of 1041374?
2, 43, 12109
What are the prime factors of 43282?
2, 17, 19, 67
What are the prime factors of 433240?
2, 5, 10831
List the prime factors of 3131205.
3, 5, 7, 11, 2711
List the prime factors of 7426697.
29, 256093
List the prime factors of 2052113.
7, 71, 4129
What are the prime factors of 1037912?
2, 137, 947
List the prime factors of 204201.
3, 2521
List the prime factors of 18950533.
7, 359, 7541
List the prime factors of 6268131.
3, 232153
What are the prime factors of 633896?
2, 17, 59, 79
What are the prime factors of 2685165?
3, 5, 7, 107, 239
List the prime factors of 1385575.
5, 19, 2917
List the prime factors of 138107.
138107
List the prime factors of 492584.
2, 67, 919
List the prime factors of 3158815.
5, 11, 79, 727
List the prime factors of 7561422.
2, 3, 11, 38189
What are the prime factors of 4049459?
97, 109, 383
What are the prime factors of 364612?
2, 91153
What are the prime factors of 9215313?
3, 587, 5233
What are the prime factors of 10624437?
3, 1180493
What are the prime factors of 637960?
2, 5, 41, 389
List the prime factors of 12375728.
2, 17, 173, 263
What are the prime factors of 256852?
2, 157, 409
What are the prime factors of 27580842?
2, 3, 643, 2383
What are the prime factors of 61326?
2, 3, 3407
List the prime factors of 358384.
2, 13, 1723
What are the prime factors of 1422133?
1422133
List the prime factors of 1426730.
2, 5, 142673
List the prime factors of 3582757.
3582757
What are the prime factors of 62846?
2, 7, 67
List the prime factors of 339599.
13, 151, 173
What are the prime factors of 5271161?
7, 753023
What are the prime factors of 1837140?
2, 3, 5, 67, 457
List the prime factors of 458473.
17, 149, 181
What are the prime factors of 1300120?
2, 5, 32503
What are the prime factors of 400220?
2, 5, 20011
What are the prime factors of 10849359?
3, 3616453
What are the prime factors of 977480?
2, 5, 7, 3491
What are the prime factors of 209121?
3, 11, 6337
List the prime factors of 5895738.
2, 3, 19, 17239
List the prime factors of 152532.
2, 3, 19, 223
List the prime factors of 130108.
2, 11, 2957
What are the prime factors of 135296?
2, 7, 151
List the prime factors of 7320212.
2, 1830053
List the prime factors of 258098.
2, 129049
What are the prime factors of 8424948?
2, 3, 7, 100297
What are the prime factors of 10953859?
7, 1564837
What are the prime factors of 98775?
3, 5, 439
What are the prime factors of 116919?
3, 11, 1181
List the prime factors of 634330.
2, 5, 229, 277
List the prime factors of 3395595.
3, 5, 7, 73, 443
What are the prime factors of 8887106?
2, 4443553
What are the prime factors of 1843833?
3, 614611
What are the prime factors of 27303?
3, 19, 479
What are the prime factors of 2188751?
2188751
What are the prime factors of 5901744?
2, 3, 122953
List the prime factors of 11678917.
23, 507779
List the prime factors of 7376832.
2, 3, 1423
List the prime factors of 67785.
3, 5, 4519
List the prime factors of 121698.
2, 3, 6761
List the prime factors of 989622.
2, 3, 54979
What are the prime factors of 5433172?
2, 223, 6091
What are the prime factors of 355973?
31, 11483
What are the prime factors of 724358?
2, 587, 617
List the prime factors of 196911.
3, 11, 13, 17
What are the prime factors of 167561?
19, 8819
What are the prime factors of 22227?
3, 31, 239
List the prime factors of 892400.
2, 5, 23, 97
List the prime factors of 245541.
3, 81847
What are the prime factors of 12862611?
3, 359, 1327
What are the prime factors of 240128?
2, 7, 67
List the prime factors of 837980.
2, 5, 11, 13, 293
What are the prime factors of 26855?
5, 41, 131
What are the prime factors of 3737223?
3, 7, 137, 433
List the prime factors of 560703.
3, 11, 13, 1307
What are the prime factors of 593001?
3, 7321
What are the prime factors of 2822627?
113, 24979
List the prime factors of 9014131.
7, 17, 211, 359
What are the prime factors of 15343873?
2957, 5189
What are the prime factors of 874960?
2, 5, 10937
List the prime factors of 258999.
3, 13, 29, 229
What are the prime factors of 165045?
3, 5, 11003
List the prime factors of 1252427.
11, 41, 2777
List the prime factors of 4642097.
239, 19423
What are the prime factors of 15624572?
2, 257, 15199
What are the prime factors of 1200841?
67, 17923
What are the prime factors of 13521876?
2, 3, 1126823
What are the prime factors of 15329905?
5, 3065981
What are the prime factors of 61545?
3, 5, 11, 373
What are the prime factors of 49436?
2, 17, 727
List the prime factors of 10008620.
2, 5, 500431
List the prime factors of 1510327.
7, 13, 2371
List the prime factors of 14895772.
2, 19, 195997
What are the prime factors of 1438306?
2, 719153
List the prime factors of 1456164.
2, 3, 97, 139
What are the prime factors of 221933?
41, 5413
List the prime factors of 6187866.
2, 3, 101, 10211
What are the prime factors of 692186?
2, 11, 73, 431
What are the prime factors of 419168?
2, 13099
List the prime factors of 12194113.
509, 23957
List the prime factors of 12471066.
2, 3, 59, 11743
What are the prime factors of 1254510?
2, 3, 5, 53, 263
List the prime factors of 136664.
2, 11, 1553
What are the prime factors of 2535404?
2, 61, 10391
List the prime factors of 12764847.
3, 4254949
What are the prime factors of 1794848?
2, 11, 5099
List the prime factors of 9972378.
2, 3, 13, 19, 2243
What are the prime factors of 28231064?
2, 103, 34261
List the prime factors of 300618.
2, 3, 19, 293
List the prime factors of 347608.
2, 43451
What are the prime factors of 2290348?
2, 572587
List the prime factors of 20190899.
79, 131, 1951
List the prime factors of 8311251.
3, 13, 97
What are the prime factors of 33064908?
2, 3, 2755409
List the prime factors of 38544711.
3, 19, 23, 29401
List the prime factors of 77671.
11, 23, 307
What are the prime factors of 598618?
2, 29, 10321
List the prime factors of 1603948.
2, 281, 1427
List the prime factors of 2770210.
2, 5, 277021
What are the prime factors of 14127403?
14127403
What are the prime factors of 2191758?
2, 3, 365293
What are the prime factors of 920944?
2, 57559
List the prime factors of 36611.
31, 1181
List the prime factors of 1760935.
5, 11, 101, 317
List the prime factors of 2569401.
3, 31721
What are the prime factors of 3944066?
2, 7, 281719
What are the prime factors of 2406777?
3, 127, 6317
List the prime factors of 27237.
3, 7, 1297
List the prime factors of 11705739.
3, 53, 83, 887
What are the prime factors of 97458?
2, 3, 37, 439
What are the prime factors of 183865?
5, 11, 3343
List the prime factors of 898360.
2, 5, 37, 607
List the prime factors of 6312537.
3, 7, 11, 9109
List the prime factors of 17669276.
2, 37, 277, 431
List the prime factors of 674955.
3, 5, 53, 283
List the prime factors of 10626155.
5, 89, 23879
What are the prime factors of 456909?
3, 17, 31
List the prime factors of 7121367.
3, 11, 71933
What are the prime factors of 233038?
2, 13, 8963
List the prime factors of 21452017.
1031, 20807
What are the prime factors of 539369?
31, 127, 137
List the prime factors of 929799.
3, 13, 883
What are the prime factors of 12590295?
3, 5, 839353
What are the prime factors of 1535245?
5, 41, 7489
List the prime factors of 329007.
3, 7, 15667
List the prime factors of 7944338.
2, 17, 23, 10159
List the prime factors of 354138.
2, 3, 59023
What are the prime factors of 1740738?
2, 3, 223, 1301
What are the prime factors of 2964753?
3, 11, 29947
What are the prime factors of 38020236?